 60 = l. Let s be 2/((3 - 1)/l). Suppose s = x - 4*v, -v - 13 + 38 = 3*x. Calculate the remainder when 28 is divided by x.
8
Let n = -63 - -114. What is the remainder when n is divided by 27?
24
Suppose -89 - 19 = -6*y. What is the remainder when 52 is divided by y?
16
Suppose 3*y - 35 = 25. Let z be (-2)/4*(14 + -14). Suppose -3*h + 117 = -z. Calculate the remainder when h is divided by y.
19
Let z = -84 - -178. Calculate the remainder when z is divided by 26.
16
Suppose 4 = 4*z - 3*x + 4*x, -5*z - 5*x = -20. Let f = z + 40. Calculate the remainder when f is divided by 21.
19
Let i(d) = d**2. Calculate the remainder when i(-2) is divided by 3.
1
Let j(k) = k**2 + 8*k. Let d = -17 + 8. What is the remainder when 16 is divided by j(d)?
7
Suppose -4*t = 24 + 68. Let c = t + 16. Let w = c + 18. Calculate the remainder when w is divided by 6.
5
Calculate the remainder when (-892)/(-12) - 6/(-9) is divided by 19.
18
Let v = 28 + 2. Calculate the remainder when 58 is divided by v.
28
Let f = 106 - 8. Let w(l) = 8*l + 41. Calculate the remainder when f is divided by w(-2).
23
Suppose n - 16 = -3*n. Suppose j + n*j - 195 = 0. Calculate the remainder when j is divided by 10.
9
Let q = 16 + -29. Let n(g) = g**2 + 12*g - 11. Let x = -1 - -2. What is the remainder when n(q) is divided by x?
0
Let t be (-1203)/(-9) + (-4)/6. Suppose -140 = -5*m - p, 4*m - p + 6*p = t. What is the remainder when m is divided by 14?
13
Let c = 20 - 12. Let a(p) = p**2 + 9*p + 1. Calculate the remainder when a(-11) is divided by c.
7
Suppose -o + 5*v + 139 = o, 0 = 2*v + 10. What is the remainder when o is divided by 16?
9
Suppose 0*n + 90 = 5*n. Let w(q) = q**2 - q. Let o be w(1). Suppose 4*r - x - 210 = -o*x, -5*x - 270 = -5*r. What is the remainder when r is divided by n?
16
Let n = -4 - -9. Let m = n + 14. Calculate the remainder when 36 is divided by m.
17
Suppose 4*u = 4*c + 36, 0*u = 2*u + 3*c - 43. What is the remainder when u is divided by 12?
2
Let j be 7 + (3 - 5) + 0. Suppose j*p - 38 = -3*w, -3*w = -5*p + 38 - 126. Calculate the remainder when w is divided by 12.
9
Let r(g) = g**3 - 3*g**2 + 5*g - 4. Suppose 2*d + 3*x + 0*x - 11 = 0, -5*x = 3*d - 17. What is the remainder when r(3) is divided by d?
3
Suppose -4*z + 515 = 5*d, -3*z + 576 - 181 = -5*d. Calculate the remainder when z is divided by 11.
9
Let o(f) be the second derivative of f**3/2 + 3*f**2/2 + 7*f. Suppose 15 = -3*b + 6*b. Calculate the remainder when 35 is divided by o(b).
17
Let w = -10 - -19. Suppose 0 = -3*u - 13*u + 256. What is the remainder when u is divided by w?
7
Let x = 5 - -5. Let z = 47 - x. Suppose 2*o - 73 = 3*r, 3*o + 2*r = 4*o - z. What is the remainder when o is divided by 12?
11
Suppose 72 = 5*b - 4*b. What is the remainder when b is divided by 25?
22
Let s(x) = -3*x + 3. What is the remainder when s(-11) is divided by 19?
17
Suppose -61 = -5*q + 4*z + 8, 3*q + z = 38. Suppose 2*k - 26 = 22. Calculate the remainder when k is divided by q.
11
Suppose 4*u - 22 = 42. Let t be (-1*2 - -2)/(-1). Suppose -u = -t*a - a. What is the remainder when 46 is divided by a?
14
Let m = 8 - 11. Calculate the remainder when -2*-5*m/(-2) is divided by 8.
7
Let u = -132 - -86. Let v = -6 - u. Suppose 3*z - z = 28. What is the remainder when v is divided by z?
12
Suppose 0 = -4*u - 5*x + 73, u - 15 + 0 = 2*x. Suppose 2*z = -2*t + 22, -28 = -0*z - 2*z - 5*t. Calculate the remainder when u is divided by z.
8
Suppose -4*d - 108 = -8. Calculate the remainder when 17 is divided by (-4)/10 + (-160)/d.
5
Let w(b) = b**3 - 3*b**2 + b + 8. Let z(f) = -3*f**3 + 7*f**2 - 2*f - 15. Let a(t) = 5*w(t) + 2*z(t). Calculate the remainder when 28 is divided by a(0).
8
Let b = 44 - 26. What is the remainder when 32 is divided by b?
14
Let a(g) = -g**2 + 8*g + 5. Suppose -m - 4 = -3*m - 2*l, 39 = 2*m - 5*l. Calculate the remainder when a(m) is divided by (-1)/(-3) - (-60)/9.
5
Let h be ((-22)/6 + 0)*12. Let z = -25 - h. Calculate the remainder when z is divided by 7.
5
Let c(d) = -d**3 + 8*d**2 - 8*d + 3. Let w be c(7). Suppose 0 = -3*r + r. Let f = r - w. Calculate the remainder when f is divided by 3.
1
Calculate the remainder when (-8)/(-6)*45/2 is divided by 11.
8
Let o be 8/(-2) + (-4)/(-2). What is the remainder when 1 - 6 - o - -40 is divided by 19?
18
Let s(h) = h**3 + 4*h**2 + h - 1. What is the remainder when 14 is divided by s(-3)?
4
Let x(a) = a**2 - a + 4. Let r be x(0). Suppose n = 11 - r. Let w = 23 - n. What is the remainder when 31 is divided by w?
15
Suppose 558 = 5*w + o, 2*w + w = -4*o + 345. Calculate the remainder when w is divided by 29.
24
Suppose -52 = -2*n - 2*f, 4*n = 3*f - 4*f + 104. Suppose -11 = -5*y - 1, -2*t = 4*y - 210. What is the remainder when t is divided by n?
23
Suppose -7*g = -8*g. Let h(w) = w + 1 + 0*w + 15. Calculate the remainder when 30 is divided by h(g).
14
Let t(q) = -2*q + 2. Let l(r) = -r - r + 1 + r. Let s(u) = 5*l(u) - 2*t(u). Calculate the remainder when 6 is divided by s(-3).
2
Let a = 14 - 4. What is the remainder when 19 is divided by a?
9
Suppose -2*j + 7*j - 4*t - 176 = 0, -2*j = 4*t - 48. Calculate the remainder when j is divided by 11.
10
What is the remainder when 75 + (-2)/(-2) - 1 is divided by 26?
23
Let z(c) = -3*c**3 - c**2 - 2. Let n be z(-2). Suppose n = 2*g + g. What is the remainder when 22 is divided by g?
4
Let n(q) = 8*q - 7. What is the remainder when n(3) is divided by -2 - (-2 - 1*10)?
7
Suppose -33*v = -30*v - 81. Calculate the remainder when v is divided by 14.
13
Let d = -37 + 38. Let z = -4 + 7. Calculate the remainder when z is divided by d.
0
Suppose 0 = -5*o + 4*o + 5. Let m(i) = -i**2 + 7*i - 7. What is the remainder when o is divided by m(5)?
2
Suppose 0 = -4*u - y + 4, 2*u + 16 = -u + 4*y. Suppose u = -2*h - 4*l + 37 - 7, 3*h = 5*l - 10. Calculate the remainder when 14 is divided by h.
4
Let f(y) = y**3 - 5*y**2 + 4*y. Let l be f(4). Let v = 5 - l. Suppose 3*u = 2*h - 66, v*h - 116 = -5*u + 24. What is the remainder when h is divided by 16?
14
Let z = -21 - -56. Suppose -2*n + 370 = 3*n. Suppose -n + 26 = -4*i. What is the remainder when z is divided by i?
11
Suppose 6*h = 3*h + 4*o + 11, 4*o = 4. Calculate the remainder when 18 is divided by h.
3
Suppose 5*f = 3*f + 28. Calculate the remainder when 94 is divided by f.
10
Calculate the remainder when 9 is divided by 0/(-4 + 2) + 5.
4
Suppose -3*k - c + 3*c + 19 = 0, -3*k + 4*c = -17. Suppose -6*g = -k*g - 11. Let j = g - -16. What is the remainder when j is divided by 3?
2
Suppose 0 = -126*u + 129*u - 30. Calculate the remainder when 29 is divided by u.
9
Let t be -4 - ((-3)/(-1))/(-1). What is the remainder when 5 is divided by (8/20)/(t/(-5))?
1
Let l(t) = t**3 + 6*t**2 - 4*t + 4. Let s be l(-7). Let m = s + 27. Suppose 2 = a, -p - 5*a + 2*a = -10. What is the remainder when m is divided by p?
2
Let h(c) = -c**2 - 5*c - 2. Let u be h(-5). What is the remainder when ((-2)/u - 4)*-5 is divided by 9?
6
Suppose -4*z + 5*v = -6, -3*v - 5 - 4 = 3*z. What is the remainder when 58 is divided by (-36)/(z - 2) - -3?
13
Suppose -3*k - 80 = k. Suppose -5*f = 68 + 72. Let d = k - f. What is the remainder when 22 is divided by d?
6
Suppose -170 = 4*b + b. Let t = b - -60. What is the remainder when 75 is divided by t?
23
Let q = 44 - 42. What is the remainder when 2 is divided by q?
0
Let x = 211 - 184. Calculate the remainder when 105 is divided by x.
24
Suppose 0 = -7*s + 3*s + 68. What is the remainder when 48 is divided by s?
14
What is the remainder when 45 is divided by 184/(-2)*7/(-28)?
22
Let q(y) = y**3 + y**2 + 23. Calculate the remainder when q(0) is divided by 1*(91/2)/7*2.
10
Let o(i) = -2*i**2 - 4*i + 2. Let m(q) = 0 - q**2 + 0*q**2 - q - 1. Let k(a) = -3*m(a) + o(a). What is the remainder when 7 is divided by k(0)?
2
Suppose 5*h = o + 3*o + 42, -h - 15 = o. Let s = o + 24. What is the remainder when 43 is divided by s?
10
Let g = -4 + 2. Let l be 2*(g + 6/4). Calculate the remainder when 29 is divided by (-32)/(-2) + 1/l.
14
Let c(t) = 7*t**2 + 11*t + 4. Calculate the remainder when c(-6) is divided by 48.
46
Suppose -7*i + 50 = -5*i. Let d = i + -18. Let a(x) = -x**2 - 4*x + 1. Calculate the remainder when d is divided by a(-3).
3
What is the remainder when 43 is divided by (22/